, 0 = 3*m + 9. What is the remainder when 6 is divided by r - (2 - 8) - 1?
0
Let f(g) = 87*g**2. Let b be f(-1). Suppose 2*h + 2 = -2. What is the remainder when h/5 - b/(-5) is divided by 9?
8
Suppose -2*l + 4*l = 10. Let v = -3 - -12. Let n = v - -10. What is the remainder when n is divided by l?
4
Let f = 0 - -2. Let w(p) = 1 - 3*p + p + p**3 + 2*p + 3*p**2. What is the remainder when f is divided by w(-3)?
0
Let r = 16 - -5. What is the remainder when 41 is divided by r?
20
Suppose -25 = -8*d + 3*d. Suppose 104 = -0*b + 4*b. Suppose 2*p + 8*c - 3*c - 26 = 0, 2*p - 3*c - b = 0. What is the remainder when p is divided by d?
3
Let z(q) = 2*q**3 - 3*q**2 - 3*q + 6. What is the remainder when 64 is divided by z(3)?
16
Suppose 5*d - 6 = -s - 0*s, 0 = -2*s - 3*d + 33. Let o be -5 + 0 - -2 - -38. Calculate the remainder when s is divided by 10/o + (-108)/(-14).
5
Let k be 3/9 + 46/6. Let x = k + -5. What is the remainder when 5 is divided by x?
2
Suppose 3*n = -2*n + 255. Calculate the remainder when n is divided by 26.
25
Suppose 0*d + 2*d + 10 = 0. Let k = d - -7. Suppose 0 = -2*y + 3*f + 36, 3*y - 5*f - 18 = k*y. What is the remainder when 34 is divided by y?
16
Let m be 28/7 + 1 + -1. Suppose 4*f - 180 = m*p, p - 147 = -3*f - 2*p. Calculate the remainder when f is divided by 25.
22
Let f(l) = -l**3 - 9*l**2 - 3*l + 9. Calculate the remainder when f(-9) is divided by ((-45)/(-6) - -2)*2.
17
Suppose 0*t - 3*p - 27 = -4*t, 0 = -3*p + 9. What is the remainder when 24 is divided by t?
6
Suppose -3*i = -0*i + 90. Calculate the remainder when i*(-2 + 5/3) is divided by 3.
1
Suppose -4*z + 6 = -10. Suppose -z*n + 4*w = -48, 14 = n + 3*w - 18. What is the remainder when n is divided by 9?
8
Let m = -6 - -6. Suppose -2*y + 10 = -m*y. Suppose -2*d - 2*r = 3*d - 166, y*r - 24 = -d. Calculate the remainder when d is divided by 18.
16
Suppose 0*b - 3*b = 288. Let r = -40 - b. What is the remainder when r is divided by 15?
11
Suppose -4*z - 2*y = -100 - 144, 3*z = -2*y + 183. Let f = -6 + z. Calculate the remainder when f is divided by 14.
13
Calculate the remainder when 81 is divided by (-63)/105 + 286/10.
25
Let a(w) = w**3 + 6*w**2 - 4*w + 13. Let v(f) = -8*f - 3. Let r be (1 + -4)*(-4)/(-6). What is the remainder when a(-6) is divided by v(r)?
11
Suppose 9*j - 1746 = -0*j. Calculate the remainder when j is divided by 13.
12
Suppose 0 = 3*w - 0*w - 51. Suppose a + k + 120 = -4*a, -4*a = 5*k + 96. Let r = a + 57. What is the remainder when r is divided by w?
16
Let y = 43 - -28. Let b = 130 - y. Calculate the remainder when b is divided by 20.
19
Suppose 0 = -2*f - 0*f - 344. Let a = 242 + f. Calculate the remainder when a is divided by 18.
16
Suppose 3*f - 6*f - 2*g + 10 = 0, -f - 2*g - 2 = 0. What is the remainder when 15 is divided by f?
3
Let t(w) = -w - 1. Let l(p) = 3*p - 4. Let v(s) = -2*l(s) - 2*t(s). Calculate the remainder when v(-6) is divided by 9.
7
Let x(b) be the first derivative of b**3/3 - b**2 - 4*b + 3. What is the remainder when (-4)/(-24) + (-82)/(-12) is divided by x(4)?
3
Let y(f) = -7*f - 3. Calculate the remainder when 73 is divided by y(-4).
23
Suppose 4*y + 2*d - 48 = 6*d, y = 3*d + 2. Calculate the remainder when 135 is divided by y.
16
Let c = -123 + 191. Let b be c*2/(8/3). Calculate the remainder when (3 - 1)*b/6 is divided by 10.
7
Let d = 15 - 12. Calculate the remainder when -3*d/(-9) - -25 is divided by 15.
11
Let h be 38/(-2*(5 + -4)). Let i be (-1)/(-2) - (-6)/(-4). What is the remainder when 55 is divided by (0 - h)*(0 - i)?
17
Let g(a) = -a**3 + a**2 + a - 4. Let m = -2 - -2. Let n be g(m). Let z(b) = -5*b - 6. Calculate the remainder when z(n) is divided by 8.
6
Calculate the remainder when (-3)/9 - (0 - (-640)/(-12)) is divided by 27.
26
What is the remainder when (2/(-5))/(4/(-240)) is divided by 5?
4
Let s = -19 + 10. Let w be (1 + 15/s)*-3. Suppose 0 = -5*a + 3*g + 13 + 9, -a - g - w = 0. What is the remainder when a is divided by 1?
0
Let x = 8 - 0. Suppose 3*r - 3*u = 36, 3*u - 49 = 2*r - 4*r. Calculate the remainder when r is divided by 0 - (-2 - -1 - x).
8
Let p(y) = -59*y - 1. Let t be p(-1). What is the remainder when 19 is divided by t/8 + 2/(-8)?
5
Suppose -5*z + 82 = -38. Calculate the remainder when 47 is divided by z.
23
Let i(h) = -h**3 + 11*h**2 + 11*h + 12. Let u be i(12). Suppose 2*a - 31 - 87 = u. What is the remainder when a is divided by 20?
19
Suppose 2*m - 5*b = 360, -6*m + b + 854 = -m. Calculate the remainder when m is divided by 29.
25
What is the remainder when (-4 - 69)/(0 + -1) is divided by 2*(19/2 + 0)?
16
Suppose -4*g + 39 = -69. Calculate the remainder when g is divided by 17.
10
Suppose 0 = -4*m - 91 - 73. Calculate the remainder when 0 - m - (-3 - -1) is divided by 11.
10
Suppose -4*s = 5*i - 418 + 140, -2*i - 2*s + 112 = 0. Suppose 5*l = -0*l + 70. What is the remainder when i is divided by l?
12
Let u(r) = -r**3 - 11*r**2 - 9*r + 19. What is the remainder when 51 is divided by u(-10)?
6
Let k = 45 - 28. Let s = k + 46. Calculate the remainder when s is divided by 16.
15
Let p(t) = t**2 + 5*t + 6. Let x be p(-4). Suppose -2*g - x*g + 116 = 0. Let z(j) = j**3 - 6*j**2 + 2*j - 2. What is the remainder when g is divided by z(6)?
9
Let p = 6 - 4. Suppose 4*h + 8 = 3*h. Let x = h + 13. What is the remainder when x is divided by p?
1
Let y be (-2*6)/(6/(-4)). Let h(r) = r**2 + r - 8. What is the remainder when h(6) is divided by 16/(-6)*(-36)/y?
10
Let k = 0 - -11. Suppose 0 = -2*u + g + 17, -2*u + 2*g + 3 = -k. Let a = 21 + -15. Calculate the remainder when u is divided by a.
4
Suppose -3*u = 3*x - 3, -u = -x - 2 - 3. Suppose u*o + 44 = -4*s, 2*s + 14 = 4. Calculate the remainder when (-195)/(-4) + (-2)/o is divided by 17.
15
Let h = 74 - 45. Suppose 0 = -2*x + 5*u + 21, 4*u - 8 + 28 = 0. Calculate the remainder when h is divided by (-4)/(x + (-12)/(-8)).
5
Let w = -4 - 2. What is the remainder when ((-106)/w)/((-14)/(-42)) is divided by 14?
11
Suppose 0 = -l + 15 - 2. Suppose -3*s + c = l, 0*c - 4*c = -3*s - 16. Let y(r) = -r**3 - 4*r**2 - 4*r - 6. What is the remainder when 18 is divided by y(s)?
8
Let h(k) = k**3 + 10*k**2 + 7*k - 3. Suppose -4 = -4*q - 0*q. Suppose 3*f = q + 23. Calculate the remainder when h(-9) is divided by f.
7
Let c = 131 + -253. Let f = 177 + c. Calculate the remainder when f is divided by 19.
17
Let z(n) = -n**2 + 8*n + 13. Let d be z(9). Calculate the remainder when 41 is divided by d/(-6)*-7*3.
13
Let r be 6/(-36) + (-67)/(-6). Let z(p) = 2*p**2 + p - 4. Let w be z(4). Let o = r + w. What is the remainder when o is divided by 15?
13
Let o = 76 + -43. Suppose -3*a - 52 = s, a - 2*s - 2*s + 13 = 0. What is the remainder when o is divided by (-5 - -4)*(a - 0)?
16
Let i(h) = -h**2 + 7*h + 3. Let l be i(7). Suppose 2*j - 50 = 4*p, -l*j + 3*p - 27 = -87. Calculate the remainder when j is divided by 8.
7
Let m = 104 - 84. Calculate the remainder when 29 is divided by m.
9
Suppose -w + 3*w = 2. Let y = 1 - w. What is the remainder when (-3 - (-1 + y)) + 47 is divided by 23?
22
Let c = -15 + 29. Calculate the remainder when 36 is divided by c.
8
Let l = -113 + 138. What is the remainder when l is divided by 5?
0
Let p(n) = -n + 10. What is the remainder when 23 is divided by p(5)?
3
Suppose 4*t - 3*a = 9 + 24, -3*t - 4*a = -31. What is the remainder when 13 is divided by t?
4
Calculate the remainder when (-14)/(-2) + (13 - (-55)/(-5)) is divided by 9/2 + (-1)/(-2).
4
Let p(j) = -4*j**3 - 2*j - 1. Let q be p(-1). Suppose 0 = -0*f + 2*f - q*s - 19, -2*f - 5*s + 49 = 0. Calculate the remainder when f is divided by 6.
5
Let a = -6 - -11. Suppose -2*d + 16 = 2*v, 3*v = 8*v - 4*d + a. Calculate the remainder when v is divided by 2.
1
Let p(z) be the third derivative of 1/24*z**4 + 1/120*z**6 + 0 + 0*z - 1/15*z**5 - 1/2*z**3 + z**2. Calculate the remainder when 2 is divided by p(4).
0
Let b = 3 + 11. Let a = -4 - -9. Suppose -a*h = -l + 21, -l + 2*h - 3 = -36. Calculate the remainder when l is divided by b.
13
Suppose 3*s - 3*a - 2*a = 29, 2*s = -5*a + 61. Let z = 26 - s. What is the remainder when 30 is divided by z?
6
Let h(g) = -2*g**2 - g**2 + 5*g**2. Calculate the remainder when h(-1) is divided by 1.
0
Let y = 9 + -5. Suppose -150 = -y*p + p. What is the remain